e -4*k - 2 = s*y, -2*y - 6*k - 13 = -k. Let m = y - -2. Calculate the remainder when 23 is divided by m.
7
Suppose -454 = -5*o + 2*l + 2*l, 4*o = -4*l + 356. What is the remainder when o is divided by 23?
21
Let q = 7 - 7. Suppose q*b = -3*b + w + 52, -w + 74 = 4*b. Calculate the remainder when 35 is divided by b.
17
Let m be 3*-2*1/(-2). Suppose 0*i - m*i = 0. Suppose 0 = -3*g - 5*v + 5, -3*g - 5*v + 2*v + 9 = i. What is the remainder when 13 is divided by g?
3
Let f(r) = 4*r - 5. Let s(g) = -6*g**3 - g**2 - 2. Calculate the remainder when s(-2) is divided by f(5).
12
Let m(n) = n**3 - 4*n**2 - 13*n + 12. What is the remainder when 21 is divided by m(6)?
3
Let r = 32 + 8. Suppose r = 4*x - 0*x. Calculate the remainder when 18 is divided by x.
8
Let s(z) = z**3 + 7*z**2 - z. Let c = 3 + -7. What is the remainder when s(-7) is divided by c*(-1 - (2 - 2))?
3
Let g(b) = b - 11. Let y be g(6). Let i(o) = -o**3 - 5*o**2 - o + 2. Calculate the remainder when 20 is divided by i(y).
6
Let b(x) = -x**3 - 3*x**2 + x - 3. Suppose -2*h - 23 = -5*a, -4*h - 36 + 5 = -5*a. Calculate the remainder when 35 is divided by b(h).
8
Let x be (-20)/(-8) - 3/(-6). Suppose -o + 48 = x*o. What is the remainder when 59 is divided by o?
11
Suppose 3*q = 5*l - 40, 0 = 3*q - 2*q + 5. Suppose 0 = -3*a + l*f - 4 - 9, -3*a - 4*f = -32. Calculate the remainder when 10 is divided by a.
2
Let r(j) = 15*j**2 + j + 1. Let i be r(-1). Let m be (-1)/(-1) - i*-1. Suppose 5*k - 51 = g + m, 0 = -g - 2. Calculate the remainder when k is divided by 7.
6
Suppose 2*s - 5*s = -45. Calculate the remainder when 57 is divided by s.
12
Let x(g) = g**2 - 2*g + 5. Suppose 3*p = p + 10. Suppose -8*o = -55 - 33. What is the remainder when x(p) is divided by o?
9
Let z(y) = -y**3 - 8*y**2 - 2*y + 10. What is the remainder when z(-8) is divided by 15?
11
Let h = -65 - -83. What is the remainder when 34 is divided by h?
16
Suppose -11 = o - 3. Suppose 4*g + 0*g = -5*s + 107, g = 4*s - 73. Let d = s + o. What is the remainder when 31 is divided by d?
9
Suppose 0 = -3*j + 9, -3*d = 4*j - 147 - 36. What is the remainder when d is divided by 15?
12
Let p(a) = 3*a**2 - 3*a - 6. Let u be p(-3). Suppose 0 = 5*m + u - 190. Calculate the remainder when m is divided by 11.
10
What is the remainder when 6/18 - (-82)/6 is divided by 5?
4
Let x(c) = c - 12. Let v be x(0). Let a = v + 30. Suppose -3*o - 2*y + 46 = 0, o + 6 = -4*y + a. What is the remainder when 46 is divided by o?
14
Let i(h) = 4 - 5*h - 7 - 6 + 1. What is the remainder when i(-6) is divided by 12?
10
Let d = -41 + 57. What is the remainder when 79 is divided by d?
15
Let w be (-10)/3*(-12)/10. Suppose 2*i + w = 78. What is the remainder when i is divided by 13?
11
Suppose 2*c = -4*r - 8, -2*r - 2*r + 2*c + 8 = 0. Suppose n + 4*n - 95 = r. Calculate the remainder when n is divided by 10.
9
Suppose 2*x + 31 = x. Let q = x - -44. What is the remainder when 50 is divided by q?
11
Let p(w) = 9*w**3 - w**2 - w - 1. Suppose 11*n - 97 = 90. What is the remainder when p(2) is divided by n?
14
Let w(u) = -u**2 + 13*u - 30. What is the remainder when w(9) is divided by 4 + (1 - 0)*-1?
0
Suppose -5*c = 2*q - 224, 4 = 4*c - 4*q - 192. What is the remainder when c is divided by 0/1 + 4*4?
14
Let c(t) = t**3 - 4*t**2 + t + 5. Let i be 13 - (0 + 2) - 2. Let q be i/(-6)*8/(-3). What is the remainder when 16 is divided by c(q)?
7
Let y = -6 - -4. What is the remainder when 11 is divided by 1/(-2)*(-10 - y)?
3
Suppose 0 = 26*x - 22*x - 24. Let z be 2/(-3) - 94/(-6). Calculate the remainder when (2 - 0)*z/x is divided by 3.
2
Suppose 5*q - 24 = 21. Suppose 3*f + 12 = -0. Let i(d) = -d**2 - 8*d. What is the remainder when i(f) is divided by q?
7
Let p be (-9)/2*12/(-18). Calculate the remainder when 18 is divided by 2 + (7 + 2)/p.
3
Suppose -n + 123 + 149 = 4*q, -340 = -5*q - 2*n. Let t(x) = -x**3 - 10*x**2 + 10*x + 12. What is the remainder when q is divided by t(-11)?
22
Let t be ((-1)/3)/(1/(-12)). Suppose 5*z = t*n - n - 68, n - 2*z = 22. Calculate the remainder when n is divided by 7.
5
Suppose 0 = -3*v - 3*v + 204. Calculate the remainder when v is divided by 13.
8
Let g = -84 - -90. What is the remainder when 11 is divided by g?
5
Suppose -107 = 5*i - 7. Let a be i/(-16)*(19 + 1). Suppose l - 1 = -5*u - 14, -5*u - a = 0. What is the remainder when 34 is divided by l?
10
Let c be 34/10 + 2/(-5). Suppose 4 = -c*i + 1. Let g(y) = 3*y**2 + 1. What is the remainder when 11 is divided by g(i)?
3
Suppose -l = 2*l. Suppose l = -5*h - 4*o + 105, -2*o = -o. What is the remainder when h is divided by 8?
5
Let b(z) = z**3 + 7*z**2 + 3*z + 7. Let p = -26 - -37. Calculate the remainder when b(-5) is divided by p.
9
Let p = -114 + 38. Let m = p + 43. Let f = 7 - m. Calculate the remainder when f is divided by 14.
12
Calculate the remainder when 39 is divided by 1/((-12)/(-8))*21.
11
Let q(c) = 0*c + c + c**2 - 4*c**2 + 5*c**2 + 3. What is the remainder when 25 is divided by q(-2)?
7
Let j be -3*2*13/(-2). Let c = -19 + j. What is the remainder when 58 is divided by c?
18
Suppose 4*r + 9*a - 6*a = 291, 3*r + 4*a - 227 = 0. What is the remainder when r is divided by 24?
21
Let y(w) = -w**2 + 10*w + 10. Calculate the remainder when 17 is divided by y(10).
7
Suppose 4 = -2*u + 3*u. Let l = -17 + 30. What is the remainder when l is divided by u?
1
Let p be 426/4 + 6/(-4). Let f = -73 + p. Calculate the remainder when 125 is divided by f.
29
Suppose -m = -2*f - 59, 3*m + 0*f - 172 = f. What is the remainder when m is divided by 10?
7
Suppose -6 = -0*f - f. What is the remainder when 23 is divided by f?
5
Let o = 69 + -38. Let b = o + -4. Suppose -4*n - 26 = -u, 5*u + 3*n + 2*n = 55. Calculate the remainder when b is divided by u.
13
Suppose -7*d + 220 = -2*d. Calculate the remainder when d is divided by 9.
8
Let i = -46 - -83. Let w(l) = l**3 - l**2 + 3*l - 6. Let g be w(4). Calculate the remainder when i is divided by 690/g - 4/(-18).
11
Let b(s) = -2*s - 2. Let r be ((-1)/(-2))/(4/(-144)). Let w = r - -48. Calculate the remainder when w is divided by b(-9).
14
Let w(a) = a + 8. Suppose -28 = -2*u - 2*u. Let z be w(u). Calculate the remainder when (-3)/(z/(-7) - -2) is divided by 11.
10
Let m = 0 - 2. Let c = 0 - m. Calculate the remainder when 28 is divided by ((-3)/c)/(6/(-40)).
8
Let b(l) = -2*l**2 + 4*l + 5*l - 6 + 0*l + l**2. What is the remainder when 15 is divided by b(7)?
7
Suppose -16 = -2*b - 2*b. Calculate the remainder when 15 is divided by b.
3
Let s be ((-4)/8)/(2/(-76)). Suppose -8 = 3*h + 4. What is the remainder when 8 is divided by (-7)/(-28) - s/h?
3
Suppose 5*h - 1 - 34 = 0. Let r = 30 + h. What is the remainder when r is divided by 10?
7
Let d(j) = 14*j**2 + 14*j - 27. Let p(g) = -5*g**2 - 5*g + 9. Let c(x) = -4*d(x) - 11*p(x). Calculate the remainder when 16 is divided by c(0).
7
Calculate the remainder when 41 is divided by (-4)/6 - (23/(-3) + 1).
5
Let l(p) = -p**3 + 7*p**2 - 3*p - 20. What is the remainder when 26 is divided by l(5)?
11
Let z(s) = 67*s + 1. Let d be z(1). Suppose 0 = -i + 4*b + 14, -5*i + d = -i - 4*b. Suppose 4*u - 34 = i. What is the remainder when u is divided by 7?
6
Let c(a) = -a - 1. Let r(l) = 3*l - 1. What is the remainder when r(2) is divided by c(-4)?
2
Let j = 49 - 16. Calculate the remainder when j is divided by 18.
15
Let d = -30 - -79. Calculate the remainder when 194 is divided by d.
47
Let t(c) = -c - 13. Let j be t(-17). Let b = 5 + 23. Suppose -3*p + 6 = 18, -j*w = 5*p - b. Calculate the remainder when 22 is divided by w.
10
Let f(t) = 5*t - 8. Calculate the remainder when f(4) is divided by 6.
0
Let c(n) = n**2 + 14*n + 1. Calculate the remainder when c(-15) is divided by 6.
4
Let o(k) = k**3 - 4*k**2 - 4*k - 1. Suppose -3*c = 4*u, -3*u = c - 2*c - 13. Suppose -15 = u*y - 63. What is the remainder when o(6) is divided by y?
15
Let l(m) = -m**3 - 5*m**2 - 8*m - 5. Suppose -3*g - 5*u - 47 = 0, -21 - 14 = 3*g + 2*u. Let i = g + 21. Calculate the remainder when l(-5) is divided by i.
11
Let h be 52/10 - (-1)/(-5). Suppose h*r = 2*r + 42. Calculate the remainder when 39 is divided by r.
11
Let l(o) = -7*o + 2. Let b be l(4). Let k = b + 41. Calculate the remainder when 41 is divided by k.
11
Suppose 0*n - 24 = -2*n. Supp